 - (-2 + 5)) + -8.
-20
What is the value of -3 + 1 + (7 - 6)?
-1
Evaluate -5 + 8 + -4 + 2 + (5 - 3).
3
(55 + -49 - (15 - 0)) + -1 + 2
-8
What is -6 + 0 + -5 + 4 + 7 + -3?
-3
Calculate 3 - ((-9 + 0 - (0 - 0)) + 10).
2
What is the value of -10 + -1 - (-16 + 8)?
-3
What is -6 - 0 - (4 + -1 + (94 - 103))?
0
What is the value of 10 + -24 - (-6 + (-2 - -5) - -11)?
-22
291 + -285 - (-4 + 1 - 27)
36
-3 + (2 - (0 + 6)) + 6 + 0
-1
Evaluate -11 - (24 + -1 + -8 + -5).
-21
Evaluate -2 + (14 + -18 - 43) + 17.
-32
What is the value of -48 + -5 + 8 + -91 + 108?
-28
Calculate 50 + -36 - (8 + 1 - 3).
8
20 + (-4 - 2) + -21
-7
-13 - -15 - -4 - (18 + -4)
-8
What is the value of (24 - 41 - 18) + 23?
-12
Evaluate -3 + (-12 + 3 - -5 - 2 - -8).
-1
What is (-258 - -286) + (-2 - 27)?
-1
Evaluate 13 + -15 + -1 - (-1 + 13) - 6.
-21
Calculate (2 - 4 - (-16 - -12)) + -6 + 4.
0
What is 9 + -1 - (112 + -101)?
-3
Evaluate 31 + -35 + -19 - 3.
-26
16 + -14 - -9 - 11
0
What is 7 - ((2 - 3) + (4 - -10))?
-6
Calculate 0 + -13 - (-15 + (4 - (5 + -9))).
-6
-7 - ((9 - (-7 + 14)) + 0)
-9
What is the value of 0 + -11 + 10 + (2 - -3)?
4
What is -4 - ((5 - 7) + 3) - (-9 + -7)?
11
Calculate -1 + -8 - (12 - (0 - -10)).
-11
Evaluate 4 - 1 - (-381 + 385).
-1
What is the value of (-1 - (8 - 16 - 0)) + -32?
-25
Calculate 26 - ((95 - 24) + -34).
-11
Evaluate -8 - ((64 - 84) + (11 - 2) + 1).
2
(5 - (-6 + 16)) + 10
5
Calculate -25 + (-24 - -63) + -44.
-30
What is -5 + -4 + -2 + 10?
-1
What is 1 + -3 + 22 + -25?
-5
What is the value of (909 - 899) + -5 + 1?
6
Calculate -10 + (9 - -5) - (13 + (1 - 1)).
-9
What is the value of (1 - -2 - (10 + -14)) + -8 + 9?
8
Evaluate -86 - (20 - (30 - -38)).
-38
What is the value of 1 + -16 + (-3 - -4) + 5 + 1?
-8
What is -18 + (-10 - (-47 - (23 - 8)))?
34
What is -20 + -7 + 25 + 1 + -4?
-5
What is 18 - (-18 + 17 + 12)?
7
Evaluate -15 + (22 - 10) + 5 + -23.
-21
Evaluate (0 - 8 - -1) + (3 - -4 - 1).
-1
What is (12 - 36) + (2 - (-2 - -2)) + -1?
-23
Evaluate (-54 - -55) + (-9 - -2) - (-1 + 2).
-7
(-3 - 3 - (-31 - -27)) + 14
12
Calculate (-3 - (-34 + 16 + 14)) + 25.
26
What is 4 + (4 - 2 - ((-8 - -1) + 8))?
5
Calculate (14 - 12) + 11 + -15.
-2
Evaluate 10 - 1 - 19 - -6 - 1.
-5
Evaluate -11 + 19 + -10 + 5 + 4.
7
What is the value of -1 + -16 + 8 - 0 - -5?
-4
Calculate -1 + (1 - 19) + 20.
1
(8 - (-5 + 4)) + (-6 - -15) - 10
8
Calculate 43 - (-42 - -45 - (1 + -1) - -5).
35
Evaluate 108 - 130 - (12 - 33).
-1
7 - (-6 - 4 - -18 - -10) - 27
-38
What is the value of 7 - (-3 + 4 + 0) - -6?
12
What is the value of -2 + 0 - 9 - 3 - (331 - 330)?
-15
What is the value of (7 - 0) + 10 + (5 - (13 - 0))?
9
What is -1 + -13 + 16 + (6 - 14) + 7?
1
-17 + 10 + 36 + -46
-17
What is (-46 - -51) + 1 + 0 + -9 + 10?
7
Calculate 3 + (-1 - 3 - (25 + -18)) + 9.
1
Evaluate -10 - (-42 + 51 - 35).
16
What is -7 + -11 + 12 + -8?
-14
What is 7 + -16 + (-2 - -11) + (0 - -6)?
6
What is 10 - 0 - (-6 + (-9 - -22 - 12))?
15
Calculate 4 + 3 + (54 - 47 - (-24 - -4)).
34
8 - 0 - (-30 + (8 - -12) + -15)
33
-2 + (-2 + 5 - (-7 - -4) - 3)
1
What is the value of -2 + 8 + 3 + -7 + 25?
27
What is -29 - ((-31 - 13) + 14)?
1
What is (26 - -4) + (5 + -3 + -11 - 0)?
21
Calculate (-2 - -4) + 1 + -4 + 2.
1
(-5 - 9) + (2 + 1 + -6 - 2)
-19
What is the value of -48 - -28 - -18 - (-12 + 0)?
10
What is 11 - (12 - 10 - 1)?
10
What is the value of (2 - -3 - (-2 + 2)) + 2 + -1?
6
Evaluate -27 + -12 + 3 + 12 + 5.
-19
5 + (4 - 6 - 7) + 7 + -21
-18
What is the value of -31 + 1 + 47 + -31?
-14
What is -15 + (3 - (0 + -5)) - (6 - 25)?
12
24 - (-38 + 22 + 40)
0
Evaluate (40 - -17) + -28 - (0 - 2 - -8).
23
Evaluate 48 + (-28 + -13 - -17).
24
What is the value of -24 - (-14 + -39 + 15)?
14
Evaluate 3 + (-2 - 4) - (4 - 5).
-2
Calculate (7 - 1) + -26 + 17 + -10 + 1.
-12
What is -18 - (-11 - (5 - 8) - 4)?
-6
Evaluate -1 + 0 - (-13 + (34 - 13)).
-9
Calculate 3 + (39 - 43) - (2 + -22).
19
2 + -1 + 2 + -4 + -10 + 16
5
What is the value of (-3 - (6 + 11)) + -6?
-26
What is the value of (5 - (-2 - 1)) + -5 - 3?
0
Evaluate -16 + -26 + 35 + 8.
1
What is the value of -12 + 2 - (-17 - (-28 + -12))?
-33
Calculate (4 - 5) + 4 + (-20 - -30).
13
Calculate (-31 - 1) + -10 + (-24 - -20) + 15.
-31
What is -3 + -3 + 7 + 8 + -4?
5
Calculate (6 - -4) + (-70 - -59).
-1
Evaluate -7 + 2 + 12 - (7 - 3).
3
What is the value of (-9 - (-22 + (-2 - -9))) + -8?
-2
What is 4 + 13 - (208 - 214)?
23
Evaluate (11 - 4) + (24 - 7).
24
What is the value of -5 - (8 + -21 + 5 + 17)?
-14
Evaluate -22 + -8 + 10 + 10.
-10
Calculate 0 + 15 + 444 + -447.
12
Calculate 8 + 0 + 4 - (-4 - -8).
8
What is the value of (-1 - 16) + -154 + 174?
3
What is the value of -17 - (-5 + -5 - (-8 + 2) - -2)?
-15
Calculate (10 - 5 - -3) + -23.
-15
Calculate ((-3 + 5 - -3) + 1 - 11) + -9.
-14
-3 + 19 + -16 + 19
19
Calculate -1 - (-9 + -10 + 9).
9
Evaluate (4 - 0 - 6) + 9 + -18 - 8.
-19
-24 + 7 + -2 - -3
-16
Calculate -2 - (-9 - (-5 - 3)) - -3 - -21.
23
-11 + -6 + 8 + 6 + 18
15
Evaluate -12 + (12 - 9) + (-11 - 4).
-24
-4 + (18 + -1 - (-17 - (-10 - 6)))
14
Calculate 0 - 14 - (-3 + (-26 - -23)).
-8
What is (18 - 20 - 4) + -5?
-11
-2 - (3 - 2 - 11) - (50 + -45)
3
Calculate 7 - 0 - 12 - -14 - -9.
18
Evaluate 4 + (-7 - 19) - (-4 - 6).
-12
What is 7 - -2 - (4 - (-3 - 0 - -10))?
12
(0 - (-2 + 1)) + (4 - 10)
-5
Calculate (-9 - -16) + -12 + 23 + (-3 - -5).
20
What is the value of 4 + (2 - (-13 + 4 + 20))?
-5
23 - (0 - -6 - -9) - 16
-8
What is 0 + -7 + (3 - (6 + 8 + -18))?
0
(4 - 0) + -17 + (-4 - 7 - -10)
-14
Calculate (1 - -35) + -1 - (932 + -925).
28
Calculate -2 + (-7 - -17) - (-9 + 0 + 1).
16
Evaluate (-267 - -266) + (4 - 0).
3
1 - -9 - -30 - (19 - 4)
25
Evaluate (38 - 12) + 9 + -69.
-34
Calculate (2 - -4) + -18 + 13 + -1.
0
Evaluate (13 + -13 - -1) + -18.
-17
Calculate -4 + 4 + -7 + -6 + 8 - -6.
1
Calculate 3 - -5 - (13 + 8 + -18).
5
6 + (-1 - -1) + (12 - (20 + 14))
-16
(37 - (5 - -22)) + 0 + -3
7
8 + (4 + -7 - 4) + (2 - 8)
-5
Calculate 7 + 18 + -33 + (2 - (5 - -3)).
-14
Calculate -60 - -15 - (3 + -9 - 0).
-39
(8 - 14) + 11 + (-5 - -14)
14
Evaluate (128 - 72) + (-52 - -4).
8
What is the value of -23 - (14 + -27 + (21 - -4))?
-35
What is the value of -15 + -4 + 7 - ((2 - 4) + -3)?
-7
What is -2 + (8 - 12) + 3?
-3
Evaluate (25 - 35) + 2 + 0 - -4.
-4
(5 - (23 + 6)) + 10
-14
What is 9 + (18 - 19) + -9 + 6?
5
What is the value of 4 + (4 + (9 - 6) - 19)?
-8
Calculate -15 + (-24 - -6) + 24 - 0.
-9
What is the value of (-30 - 5 - -29) + (-7 - (1 - 2))?
-12
What is 22 + -47 + (13 - 4)?
-16
(99 - 124) + (-3 - -19)
-9
What is the value of 22 + -28 - (-1 + -17)?
12
Evaluate -3 - (-11 - 1) - 9 - 9.
-9
What is -6 - -28 - (30 - 13)?
5
-12 + 22 + (-3 - ((-2 - -1) + -1))
9
(3 - (-14 + (-9 - -14))) + -27
-15
Calculate -54 + 44 + -14 - -51.
27
Calculate -142 - -68 - -82 - (-14 + 1).
21
609 + -600 + (-22 - -1)
-12
Evaluate -22 - ((-32 - (-11 - 4)) + 5).
-10
What is the value of 15 - 11 - (2 - (5 + -8))?
-1
Calculate 33 + (13 - (3 - -7) - (4 - -3)).
29
Evaluate (-23 - 1) + 8 + 8.
-8
Evaluate -27 - 5 - (-137 + 123).
-18
What is 6 + (-4 + -4 - -19) + -13 + -15?
-11
(-28 - -12) + 17 + 4
5
Calculate 1 - ((3 - 1) + -2) - 1.
0
9 + (-47 - (-29 + -35))
26
1 - 26 - (-196 - -182)
-11
Evaluate (-43 + 0 + 1 - (100 - 106)) + 9.
-27
What is (14 - 11) + 1 + -11?
-7
Evaluate (11 + -6 - -6) + 16 + (-11 - -4).
20
Calculate 25 - (0 + 7) - 2.
16
What is the value of 7 - ((4 - (-8 - -16)) + 12)?
-1
3 + 1 + 16 + (-2 - (-3 + 7))
14
What is the value of -7 + -7 + (-6 - 7)?
-27
What is the value of -1 + -7 - (13 + -53 + 3 + 6)?
23
-229 - -217 - (-8 - -4 - 25)
17
What is the value of 16 - (-17 - -24 - (9 + -1))?
17
Calculate (4 - 0) + 5 + 5 + (13 - 52).
-25
What is the value of -2 + (-12 + 11 - (5 + -15))?
7
What is 6 - (-23 + 9 + 10 - (-30 + -1))?
-21
Calculate 5 - (-10 + 1) - 23 - -12.
3
What is -3 - (24 - 4 - 11)?
-12
What is 8 - (-13 - -10) - 18?
-7
Calculate -16 - (26 + -62 + 11).
9
Evaluate 0 + 13 + -2 + -4 + (16 - 17).
6
What is the value of -24 + 14 + -3 - -1?
-12
What is the value of -3 - 0 - (23 - -7)?
-33
22 - (10 + 1) - 8
3
Evaluate 8 + (-7 - (-10 + 11)).
0
What is 9 + (228 + -243 - (-14 + 1))?
7
Calculate -12 - (-12 - -5 - 11).
6
What is 0 - 4 - (5 - -12 - 22)?
1
Calculate (-15 - (-22 + 18)) + -6.
-17
What is 12 + 3 + (-9 - 4)?
2
Calcul